et x = -1816 + -2967. Let y = x - q. Is y a prime number?
False
Suppose -63000 = -3*m - y, 0 = -78*m + 76*m + 3*y + 42011. Is m prime?
True
Let m = -232967 - -377374. Is m prime?
True
Let s = -845 + 833. Let i(d) be the third derivative of d**5/30 + d**4/4 + 19*d**3/6 - 4*d**2. Is i(s) a prime number?
False
Let p = 24949 - -5656. Suppose 21*x - 16*x - p = 0. Is x a composite number?
False
Let u = 177 - 192. Is ((-3)/((-45)/3282))/((-3)/u) prime?
False
Let p(g) = -2*g + 69. Let v be p(32). Suppose -4*a - 3931 = -9*a - w, -v*a = 2*w - 3927. Is a a composite number?
False
Suppose 951725 = 3*b + 2*c, 3*b + 6*c = 5*c + 951724. Is (-12)/(-42) - b/(-21) prime?
True
Suppose 15*v - 857 - 343 = 0. Let j(x) = -51*x - 4. Let o be j(-5). Suppose -z = -v - o. Is z a composite number?
False
Suppose 0 = -14*s + 43 - 15. Suppose -5*y + 1173 = 3*g, 561 - 83 = s*y - g. Is y prime?
False
Let w(g) = -11*g**3 + 25*g**2 - 77*g + 59. Let q(c) = 5*c**3 - 13*c**2 + 32*c - 30. Let p(z) = 7*q(z) + 3*w(z). Let o be (14/(-5))/(2/(-10)). Is p(o) composite?
False
Suppose 0 = 1961*a - 2010*a + 3791767. Is a a composite number?
False
Let c(f) = 7*f**2 - f - 22. Let r(p) = -10*p - 9. Let h be r(-2). Let o be c(h). Suppose -5*g = d - 3155, 5*g - d = o + 2341. Is g composite?
False
Let t be ((-804)/10)/((-24)/80). Let m = t - 30. Let d = m + 117. Is d prime?
False
Let x(h) = 20*h + 9. Let c be x(-9). Let w = 487 + c. Suppose 2*b - 1062 + w = 0. Is b composite?
False
Let u(v) = v**2 - 7*v + 14. Let f be u(4). Suppose x + 4 = f*a, -x - 2*a + 10 - 2 = 0. Suppose 36 = -x*t + 6*t + 4*y, 5*t = 3*y + 29. Is t a composite number?
False
Suppose -3*b + 11343 = 3*m, -5*m + 18913 = 1185*b - 1182*b. Is m prime?
False
Let n(y) = 4*y - 19. Let i be n(6). Suppose 5*j = 5*x + 624 + 2171, -i*x + 535 = j. Suppose s - a - 185 = 0, 3*s - 2*a = 3*a + j. Is s a prime number?
False
Let f(s) = 68*s**3 - s**2 - s - 8. Let d(p) = 68*p**3 - p**2 - p - 7. Let u(x) = 7*d(x) - 6*f(x). Is u(2) composite?
True
Suppose -54 = -4*d - 2*d. Suppose -6*w + 3*w + d = 0, 0 = 2*r + w + 9. Is 4 - 10/3 - 12566/r a composite number?
True
Let q = 1703 + 9976. Suppose 2*b = -5*p + 23386, -q = -b - 3*p + 4*p. Is b a composite number?
True
Let t(b) = 7106*b**2 - 442*b + 1. Is t(-11) prime?
False
Let k be (3280816/(-208) + (-2)/(-13))*-1. Suppose -13*z + 109464 = k. Is z a prime number?
True
Suppose -2*c = -5*z + 39, -3*c + 3*z - 13 - 23 = 0. Let r be (0/(-1))/(-3) - (c - -1). Is 3*465 - (-4 + r) a composite number?
True
Suppose 33*s - 38*s = -4*d - 310887, 0 = 4*s - d - 248692. Is s composite?
False
Let l(g) be the first derivative of g**5/10 + 7*g**4/12 - g**3/3 + 9*g**2/2 + 3. Let c(i) be the second derivative of l(i). Is c(-7) a prime number?
False
Let n be 9 - 6/2*7/21. Suppose -10*f = -n*f + 4. Is f*5/(-30)*4857 a composite number?
False
Let f(z) = 167*z**2 - 8*z + 21. Suppose 5*u = 2*n + 4, -3*u + 5*n = -5*u + 19. Is f(u) composite?
False
Let k = 188636 - 51363. Is k a composite number?
False
Suppose -129*a + 1295093 + 3240354 = -112*a. Is a prime?
False
Let s(y) = 65*y**2 - 169*y + 765. Is s(67) a composite number?
False
Let i = -605 + 648. Let q = 357 + -137. Let l = q - i. Is l composite?
True
Let x(z) = 2*z + 50. Let f be x(-20). Is (2/(-4))/((f + -7)/(-102954)) prime?
True
Suppose -5*n = 5*r + 62665, -2*n + 5*n = -2*r - 37597. Is 4/((-4)/n)*(-7)/(-21) composite?
False
Let t(u) = 446*u**2 - 60*u + 17. Is t(-15) prime?
True
Let h = 310723 - 128807. Suppose -h = -16*a - 22284. Is a a prime number?
False
Let b(f) = -699*f + 644. Is b(-25) prime?
True
Suppose -2041*h + 1291515 = -2026*h. Is h a prime number?
False
Let n = 47 - 25. Suppose -3*t = -n*t + 34903. Is t composite?
True
Is (271569 - (-6 + -9)) + 13 a prime number?
True
Is ((-510392)/14)/((112/(-49))/8) composite?
True
Let x(t) = -360453*t + 88. Is x(-1) prime?
True
Let f(r) = -8*r**2 + 11*r - 29. Let h be f(-5). Is ((-19605)/(-4))/(-3)*h/71 composite?
True
Suppose -5*t - 256262 = -4*o, 0 = -o + 4*t - 8048 + 72119. Is o prime?
True
Let u = 2381 - 1521. Let l(o) = 2*o**3 - 14*o**2 + 3*o - 30. Let h be l(12). Let f = h - u. Is f a composite number?
True
Suppose 35939072 - 35020000 + 74066643 = 35*w. Is w prime?
True
Suppose -1085980 - 2506567 = -199*h. Is h composite?
True
Suppose 3*p + 11 = -0*b + 4*b, 5*p = -3*b + 1. Suppose 616 = b*x - 2*n - 6814, -2*x - 2*n + 7422 = 0. Is x a prime number?
False
Is (241317/24)/(10/80) a prime number?
False
Suppose 8*t - 29 = -37. Is t/(-18)*-3 + (-28286)/(-12) a prime number?
True
Let m = 223799 + -93799. Suppose 253312 + m = 16*o. Is o a prime number?
True
Suppose -8*p - 20*p = -364. Suppose 0 = -18*f + p*f + 53645. Is f prime?
True
Suppose -2*t - 4 = 3*g - 19, 0 = 3*t + g - 5. Let y be -4 - (-4 + t + -34918). Is (y/(-39))/(2/(-3)) a composite number?
True
Let x = 994 + -652. Suppose x*t - 105405 = 339*t. Is t a composite number?
True
Let w be (-2 + 28/6)*99/(-4). Is -6738*321/w - (-4)/(-22) composite?
False
Suppose -5*o = -2*a + 69, 3*a - 4*o + 8*o = 92. Let i = a + -29. Suppose 0 = i*w - 7*w + 15796. Is w a composite number?
True
Let i(q) = -7*q**3 - 7*q**2 - 14*q + 33. Let f(s) = 9*s**3 + 6*s**2 + 15*s - 34. Let z(y) = 2*f(y) + 3*i(y). Is z(-17) a composite number?
False
Suppose 0*k + 4*k - 25 = -x, 3*k + 10 = 5*x. Suppose n - k*z + 34920 = -4*n, -2*n + 3*z = 13970. Is n/(3/((-12)/8)) a composite number?
False
Let r(q) = -361*q - 5. Let p be r(-7). Let h be 9*(p/42 + (-4)/(-14)). Suppose a - h = 106. Is a composite?
True
Suppose -3*d = 28 - 13, -165 = -o + d. Suppose o*v - 150*v - 14230 = 0. Is v composite?
False
Let n = 85309 - 50726. Is n a composite number?
False
Suppose -3*l - 2*l = 0. Let a = -251 + 253. Suppose a*x = -5*g + 161, l*x = -x + 3. Is g a prime number?
True
Suppose 3*b - 1732157 = 5*c, -28*b + 25*b - 3*c = -1732125. Is b a prime number?
False
Let b(i) = 2*i**3 - 3*i**2 - 15*i - 4. Let h be b(-4). Suppose 3*l - 4*l + 935 = 0. Let u = l + h. Is u a composite number?
True
Let a(m) = -m**3 - 10*m**2 + 13*m + 25. Let q be a(-11). Suppose 0 = g + q + 2, 5*n - 5*g - 85490 = 0. Is n composite?
False
Let c be (-4)/22 + 335132/154. Suppose -5*b - c = -16271. Is b a prime number?
True
Let u(m) = m**3 + 2*m**2 - 12*m - 1. Let w be u(6). Suppose 105 = -0*b + 3*b + 3*r, 5*b = 3*r + w. Suppose 4*i = -b + 1604. Is i a prime number?
False
Let q = 168736 - 25497. Is q a prime number?
True
Suppose -2*n + 7 - 3 = 0. Let d(l) = 11*l**3 + 2*l**2 - 2*l - 2. Let k be d(n). Suppose 2*p + 114 = 2*i, 5*p - k = -i - 21. Is i prime?
True
Let n(d) = 2*d - 3. Let y be n(9). Suppose -y*q + 551 = -334. Is q prime?
True
Let f(z) = 64*z**2 + 13*z - 25. Let j be f(13). Suppose -3*v + 10759 = 2*l, -5*l - 5*v = -15940 - j. Is l prime?
True
Let j(d) = 4*d + 5*d + 45*d**2 - 3*d + 63*d**2 + 2*d - 7. Suppose 22*y = 18*y - 16. Is j(y) composite?
True
Let s = 172646 + -121027. Is s a composite number?
True
Let u(a) be the second derivative of a**4/12 + 3*a**3/2 + 12*a**2 + 16*a. Let j be u(-5). Is 2 + (j - (1 + -204)) composite?
True
Let u(f) = 64104*f - 64114*f - 249 + 94. Is u(-36) composite?
True
Let x(y) = -21*y - 91. Let d be x(-5). Suppose 10676 = s - 3*z, -4*z - d = 6. Is s a composite number?
True
Suppose -1233990 + 156697 = -7*o. Is o composite?
True
Suppose -9*y + 3*y = -11766. Suppose -3*d + y = -4*h, 4*d + 5*h - 830 = 1733. Is d a composite number?
False
Suppose 0 = 109*k + 66*k - 30318575. Is k a composite number?
False
Let y(r) be the first derivative of -19*r**4/2 - 3*r**3 + 9*r**2 + 6*r + 16. Is y(-5) a prime number?
True
Suppose -6*v + 3*v - 3*t + 13599 = 0, 2*t = -5*v + 22674. Let z = 9745 - v. Is z a prime number?
True
Let s = -2530 + 25383. Is s prime?
True
Suppose -44*z + 1228144 = -1084315 - 1202305. Is z a prime number?
False
Let r be (2/(-3))/((-2)/39). Let m = 17 - r. Is 70/15*822/m a composite number?
True
Suppose -4*s = -s + 3*x - 1935, -5*s + 2*x = -3260. Suppose 2*w - 2*j - 859 = 429, j - s = -w. Is w a prime number?
True
Is 8*(-54)/576*-1*24632/6 prime?
True
Let j(c) = -437752*c - 1619. Is j(-1) composite?
True
Let i be (15 - 7)/(-56) + 26/(-14). Let m be 30*108/8*i. Let u = m + 1961. Is u composite?
False
Let c be (5/25*1966)/(6/15). Suppose 5*n + x - 5516 = -623, 0 = -n + 2*x + c. Is n prime?
False
Let g(k) = -512